{"id":24,"date":"2025-04-19T19:58:01","date_gmt":"2025-04-19T19:58:01","guid":{"rendered":"https:\/\/nukunaexport.com\/?page_id=24"},"modified":"2025-05-01T05:26:21","modified_gmt":"2025-05-01T05:26:21","slug":"nosotros","status":"publish","type":"page","link":"https:\/\/nukunaexport.com\/index.php\/nosotros\/","title":{"rendered":"Nosotros"},"content":{"rendered":"\t\t<div data-elementor-type=\"wp-page\" data-elementor-id=\"24\" class=\"elementor elementor-24\">\n\t\t\t\t<div class=\"elementor-element elementor-element-d08db67 e-con-full e-flex wpr-particle-no wpr-jarallax-no wpr-parallax-no wpr-sticky-section-no e-con e-parent\" data-id=\"d08db67\" data-element_type=\"container\" data-settings=\"{&quot;background_background&quot;:&quot;classic&quot;}\">\n\t\t\t\t<div class=\"elementor-element elementor-element-d4cab96 elementor-widget elementor-widget-heading\" data-id=\"d4cab96\" data-element_type=\"widget\" data-widget_type=\"heading.default\">\n\t\t\t\t<div class=\"elementor-widget-container\">\n\t\t\t\t\t<h2 class=\"elementor-heading-title elementor-size-default\">Nosotros<\/h2>\t\t\t\t<\/div>\n\t\t\t\t<\/div>\n\t\t\t\t<\/div>\n\t\t<div class=\"elementor-element elementor-element-8d1b7aa e-flex e-con-boxed wpr-particle-no wpr-jarallax-no wpr-parallax-no wpr-sticky-section-no e-con e-parent\" data-id=\"8d1b7aa\" data-element_type=\"container\" data-settings=\"{&quot;background_background&quot;:&quot;classic&quot;}\">\n\t\t\t\t\t<div class=\"e-con-inner\">\n\t\t<div class=\"elementor-element elementor-element-6ca816a e-con-full e-flex wpr-particle-no wpr-jarallax-no wpr-parallax-no wpr-sticky-section-no e-con e-child\" data-id=\"6ca816a\" data-element_type=\"container\" data-settings=\"{&quot;background_background&quot;:&quot;classic&quot;}\">\n\t\t<div class=\"elementor-element elementor-element-04cf2a3 e-con-full e-flex wpr-particle-no wpr-jarallax-no wpr-parallax-no wpr-sticky-section-no e-con e-child\" data-id=\"04cf2a3\" data-element_type=\"container\">\n\t\t<div class=\"elementor-element elementor-element-82756ca e-con-full e-flex wpr-particle-no wpr-jarallax-no wpr-parallax-no wpr-sticky-section-no e-con e-child\" data-id=\"82756ca\" data-element_type=\"container\">\n\t\t\t\t<div class=\"elementor-element elementor-element-65478d2 elementor-widget elementor-widget-heading\" data-id=\"65478d2\" data-element_type=\"widget\" data-widget_type=\"heading.default\">\n\t\t\t\t<div class=\"elementor-widget-container\">\n\t\t\t\t\t<h2 class=\"elementor-heading-title elementor-size-default\">Nosotros<\/h2>\t\t\t\t<\/div>\n\t\t\t\t<\/div>\n\t\t\t\t<div class=\"elementor-element elementor-element-bd6d50b elementor-widget__width-initial elementor-widget elementor-widget-text-editor\" data-id=\"bd6d50b\" data-element_type=\"widget\" data-widget_type=\"text-editor.default\">\n\t\t\t\t<div class=\"elementor-widget-container\">\n\t\t\t\t\t\t\t\t\t<p>Nukuna Export es una empresa exportadora de frutas ex\u00f3ticas ubicada en Guayas \u2013 Ecuador, dedicada a conectar lo mejor de nuestra tierra con el mundo. Trabajamos junto a productores cuidadosamente seleccionados para ofrecer fruta de alta calidad, cumpliendo con exigentes est\u00e1ndares internacionales.<\/p><p>Gracias a una gesti\u00f3n verticalmente integrada, garantizamos trazabilidad, seguridad alimentaria y cumplimiento normativo en cada env\u00edo. Nuestro compromiso con la sostenibilidad ambiental se refleja en nuestras pr\u00e1cticas responsables y certificaciones como Global GAP y HACCP.<\/p><p>Contamos con un equipo capacitado en log\u00edstica, operaciones y comercio exterior, enfocado en brindar un servicio eficiente, personalizado y orientado a generar relaciones comerciales duraderas con nuestros clientes en\u00a0todo\u00a0el\u00a0mundo.<\/p>\t\t\t\t\t\t\t\t<\/div>\n\t\t\t\t<\/div>\n\t\t\t\t<\/div>\n\t\t\t\t<\/div>\n\t\t<div class=\"elementor-element elementor-element-734da5a e-con-full e-flex wpr-particle-no wpr-jarallax-no wpr-parallax-no wpr-sticky-section-no e-con e-child\" data-id=\"734da5a\" data-element_type=\"container\">\n\t\t<div class=\"elementor-element elementor-element-b5d7a7a e-con-full e-flex wpr-particle-no wpr-jarallax-no wpr-parallax-no wpr-sticky-section-no e-con e-child\" data-id=\"b5d7a7a\" data-element_type=\"container\">\n\t\t\t\t<div class=\"elementor-element elementor-element-c518e65 elementor-widget elementor-widget-spacer\" data-id=\"c518e65\" data-element_type=\"widget\" data-widget_type=\"spacer.default\">\n\t\t\t\t<div class=\"elementor-widget-container\">\n\t\t\t\t\t\t\t<div class=\"elementor-spacer\">\n\t\t\t<div class=\"elementor-spacer-inner\"><\/div>\n\t\t<\/div>\n\t\t\t\t\t\t<\/div>\n\t\t\t\t<\/div>\n\t\t\t\t<div class=\"elementor-element elementor-element-a2731d6 elementor-widget elementor-widget-image\" data-id=\"a2731d6\" data-element_type=\"widget\" data-widget_type=\"image.default\">\n\t\t\t\t<div class=\"elementor-widget-container\">\n\t\t\t\t\t\t\t\t\t\t\t\t\t\t\t<img fetchpriority=\"high\" decoding=\"async\" width=\"800\" height=\"592\" src=\"https:\/\/nukunaexport.com\/wp-content\/uploads\/2025\/04\/producto-nukuna-1024x758.webp\" class=\"attachment-large size-large wp-image-165\" alt=\"\" srcset=\"https:\/\/nukunaexport.com\/wp-content\/uploads\/2025\/04\/producto-nukuna-1024x758.webp 1024w, https:\/\/nukunaexport.com\/wp-content\/uploads\/2025\/04\/producto-nukuna-300x222.webp 300w, https:\/\/nukunaexport.com\/wp-content\/uploads\/2025\/04\/producto-nukuna-768x568.webp 768w, https:\/\/nukunaexport.com\/wp-content\/uploads\/2025\/04\/producto-nukuna-1536x1137.webp 1536w, https:\/\/nukunaexport.com\/wp-content\/uploads\/2025\/04\/producto-nukuna-2048x1516.webp 2048w\" sizes=\"(max-width: 800px) 100vw, 800px\" \/>\t\t\t\t\t\t\t\t\t\t\t\t\t\t\t<\/div>\n\t\t\t\t<\/div>\n\t\t\t\t<\/div>\n\t\t\t\t<\/div>\n\t\t\t\t<\/div>\n\t\t\t\t\t<\/div>\n\t\t\t\t<\/div>\n\t\t<div class=\"elementor-element elementor-element-811aaa9 e-flex e-con-boxed wpr-particle-no wpr-jarallax-no wpr-parallax-no wpr-sticky-section-no e-con e-parent\" data-id=\"811aaa9\" data-element_type=\"container\">\n\t\t\t\t\t<div class=\"e-con-inner\">\n\t\t\t\t<div class=\"elementor-element elementor-element-9f8b0a3 wpr-button-icon-style-inline wpr-button-icon-position-right elementor-widget elementor-widget-wpr-button\" data-id=\"9f8b0a3\" data-element_type=\"widget\" data-widget_type=\"wpr-button.default\">\n\t\t\t\t<div class=\"elementor-widget-container\">\n\t\t\t\t\t\t\n\t\t\t\n\t\t\n\t\t<div class=\"wpr-button-wrap elementor-clearfix\">\n\t\t<a class=\"wpr-button wpr-button-effect wpr-button-none\" data-text=\"Go\" href=\"https:\/\/nukunaexport.com\/wp-content\/uploads\/2025\/05\/Nulkuna-Mapa@3x-80-1.jpg\">\n\t\t\t\n\t\t\t<span class=\"wpr-button-content\">\n\t\t\t\t\t\t\t\t\t<span class=\"wpr-button-text\">Mapa de producci\u00f3n<\/span>\n\t\t\t\t\t\t\t\t\n\t\t\t\t\t\t\t\t\t<span class=\"wpr-button-icon\"><svg class=\"e-font-icon-svg e-fas-angle-right\" viewBox=\"0 0 256 512\" xmlns=\"http:\/\/www.w3.org\/2000\/svg\"><path d=\"M224.3 273l-136 136c-9.4 9.4-24.6 9.4-33.9 0l-22.6-22.6c-9.4-9.4-9.4-24.6 0-33.9l96.4-96.4-96.4-96.4c-9.4-9.4-9.4-24.6 0-33.9L54.3 103c9.4-9.4 24.6-9.4 33.9 0l136 136c9.5 9.4 9.5 24.6.1 34z\"><\/path><\/svg><\/span>\n\t\t\t\t\t\t\t<\/span>\n\t\t<\/a>\n\n\t\t\t\t<\/div>\n\t\n\t\n\t\t\t\t\t<\/div>\n\t\t\t\t<\/div>\n\t\t\t\t\t<\/div>\n\t\t\t\t<\/div>\n\t\t<div class=\"elementor-element elementor-element-9a078f6 e-flex e-con-boxed wpr-particle-no wpr-jarallax-no wpr-parallax-no wpr-sticky-section-no e-con e-parent\" data-id=\"9a078f6\" data-element_type=\"container\">\n\t\t\t\t\t<div class=\"e-con-inner\">\n\t\t\t\t<div class=\"elementor-element elementor-element-0f3af7f elementor-widget elementor-widget-html\" data-id=\"0f3af7f\" data-element_type=\"widget\" data-widget_type=\"html.default\">\n\t\t\t\t<div class=\"elementor-widget-container\">\n\t\t\t\t\t<!DOCTYPE html>\r\n<html lang=\"es\">\r\n<head>\r\n  <meta charset=\"UTF-8\">\r\n  <title>Collage DIV exacto con Lightbox<\/title>\r\n  <style>\r\n    .collage {\r\n      position: relative;\r\n      width: 750px;\r\n      height: 530px;\r\n      margin: 40px auto;\r\n    }\r\n\r\n    .img-box {\r\n      position: absolute;\r\n      overflow: hidden;\r\n      border-radius: 6px;\r\n      cursor: pointer;\r\n    }\r\n\r\n    .img-box img {\r\n      width: 100%;\r\n      height: 100%;\r\n      object-fit: cover;\r\n      display: block;\r\n      transition: transform 0.3s ease;\r\n    }\r\n\r\n    .img-box:hover img {\r\n      transform: scale(1.05);\r\n    }\r\n\r\n    .div1 { top: 0; left: 0; width: 360px; height: 170px; }\r\n    .div2 { top: 0; left: 370px; width: 380px; height: 300px; }\r\n    .div3 { top: 180px; left: 0; width: 360px; height: 294px; }\r\n    .div4 { top: 310px; left: 370px; width: 380px; height: 160px; }\r\n\r\n    \/* Lightbox *\/\r\n    .lightbox {\r\n      position: fixed;\r\n      top: 0; left: 0;\r\n      width: 100vw;\r\n      height: 100vh;\r\n      background: rgba(0,0,0,0.8);\r\n      display: none;\r\n      align-items: center;\r\n      justify-content: center;\r\n      z-index: 9999;\r\n    }\r\n\r\n    .lightbox img {\r\n      max-width: 90%;\r\n      max-height: 90%;\r\n      border-radius: 10px;\r\n      box-shadow: 0 0 20px rgba(0,0,0,0.5);\r\n    }\r\n\r\n    .lightbox:target {\r\n      display: flex;\r\n    }\r\n\r\n    .lightbox-close {\r\n      position: absolute;\r\n      top: 30px;\r\n      right: 40px;\r\n      font-size: 40px;\r\n      color: #fff;\r\n      text-decoration: none;\r\n      z-index: 10000;\r\n    }\r\n  <\/style>\r\n<\/head>\r\n<body>\r\n\r\n<div class=\"collage\">\r\n  <a href=\"#img1\">\r\n    <div class=\"img-box div1\">\r\n      <img decoding=\"async\" src=\"https:\/\/nukunaexport.com\/wp-content\/uploads\/2025\/04\/1.jpg\" alt=\"DIV1\">\r\n    <\/div>\r\n  <\/a>\r\n  <a href=\"#img2\">\r\n    <div class=\"img-box div2\">\r\n      <img decoding=\"async\" src=\"https:\/\/nukunaexport.com\/wp-content\/uploads\/2025\/04\/2.jpg\" alt=\"DIV2\">\r\n    <\/div>\r\n  <\/a>\r\n  <a href=\"#img3\">\r\n    <div class=\"img-box div3\">\r\n      <img decoding=\"async\" src=\"https:\/\/nukunaexport.com\/wp-content\/uploads\/2025\/04\/3.jpg\" alt=\"DIV3\">\r\n    <\/div>\r\n  <\/a>\r\n  <a href=\"#img4\">\r\n    <div class=\"img-box div4\">\r\n      <img decoding=\"async\" src=\"https:\/\/nukunaexport.com\/wp-content\/uploads\/2025\/04\/4-nosotros.jpg\" alt=\"DIV4\">\r\n    <\/div>\r\n  <\/a>\r\n<\/div>\r\n\r\n<!-- Lightbox ventanas -->\r\n<div id=\"img1\" class=\"lightbox\">\r\n  <a href=\"#\" class=\"lightbox-close\">&times;<\/a>\r\n  <img decoding=\"async\" src=\"https:\/\/nukunaexport.com\/wp-content\/uploads\/2025\/04\/1.jpg\">\r\n<\/div>\r\n\r\n<div id=\"img2\" class=\"lightbox\">\r\n  <a href=\"#\" class=\"lightbox-close\">&times;<\/a>\r\n  <img decoding=\"async\" src=\"https:\/\/nukunaexport.com\/wp-content\/uploads\/2025\/04\/2.jpg\">\r\n<\/div>\r\n\r\n<div id=\"img3\" class=\"lightbox\">\r\n  <a href=\"#\" class=\"lightbox-close\">&times;<\/a>\r\n  <img decoding=\"async\" src=\"https:\/\/nukunaexport.com\/wp-content\/uploads\/2025\/04\/3.jpg\">\r\n<\/div>\r\n\r\n<div id=\"img4\" class=\"lightbox\">\r\n  <a href=\"#\" class=\"lightbox-close\">&times;<\/a>\r\n  <img decoding=\"async\" src=\"https:\/\/nukunaexport.com\/wp-content\/uploads\/2025\/04\/4-nosotros.jpg\">\r\n<\/div>\r\n\r\n<\/body>\r\n<\/html>\r\n\t\t\t\t<\/div>\n\t\t\t\t<\/div>\n\t\t\t\t\t<\/div>\n\t\t\t\t<\/div>\n\t\t\t\t<\/div>\n\t\t","protected":false},"excerpt":{"rendered":"<p>Nosotros Nosotros Nukuna Export es una empresa exportadora de frutas ex\u00f3ticas ubicada en Guayas \u2013 Ecuador, dedicada a conectar lo mejor de nuestra tierra con el mundo. Trabajamos junto a productores cuidadosamente seleccionados para ofrecer fruta de alta calidad, cumpliendo con exigentes est\u00e1ndares internacionales. Gracias a una gesti\u00f3n verticalmente integrada, garantizamos trazabilidad, seguridad alimentaria y cumplimiento normativo en cada env\u00edo. Nuestro compromiso con la sostenibilidad ambiental se refleja en nuestras pr\u00e1cticas responsables y certificaciones como Global GAP y HACCP. Contamos con un equipo capacitado en log\u00edstica, operaciones y comercio exterior, enfocado en brindar un servicio eficiente, personalizado y orientado a generar relaciones comerciales duraderas con nuestros clientes en\u00a0todo\u00a0el\u00a0mundo. Mapa de producci\u00f3n Collage DIV exacto con Lightbox &times; &times; &times; &times;<\/p>\n","protected":false},"author":1,"featured_media":0,"parent":0,"menu_order":0,"comment_status":"closed","ping_status":"closed","template":"","meta":{"footnotes":""},"class_list":["post-24","page","type-page","status-publish","hentry"],"_links":{"self":[{"href":"https:\/\/nukunaexport.com\/index.php\/wp-json\/wp\/v2\/pages\/24","targetHints":{"allow":["GET"]}}],"collection":[{"href":"https:\/\/nukunaexport.com\/index.php\/wp-json\/wp\/v2\/pages"}],"about":[{"href":"https:\/\/nukunaexport.com\/index.php\/wp-json\/wp\/v2\/types\/page"}],"author":[{"embeddable":true,"href":"https:\/\/nukunaexport.com\/index.php\/wp-json\/wp\/v2\/users\/1"}],"replies":[{"embeddable":true,"href":"https:\/\/nukunaexport.com\/index.php\/wp-json\/wp\/v2\/comments?post=24"}],"version-history":[{"count":88,"href":"https:\/\/nukunaexport.com\/index.php\/wp-json\/wp\/v2\/pages\/24\/revisions"}],"predecessor-version":[{"id":607,"href":"https:\/\/nukunaexport.com\/index.php\/wp-json\/wp\/v2\/pages\/24\/revisions\/607"}],"wp:attachment":[{"href":"https:\/\/nukunaexport.com\/index.php\/wp-json\/wp\/v2\/media?parent=24"}],"curies":[{"name":"wp","href":"https:\/\/api.w.org\/{rel}","templated":true}]}}